et r be w(3). Suppose -r*i - 320 = -7*i. List the prime factors of i.
2
Suppose 3*x = 164*p - 163*p + 39004, 0 = x + p - 13008. What are the prime factors of x?
13003
Suppose 2*s = -3*f - f + 20, -16 = -4*f. Let y(g) = 9*g**2 + 3*g**3 + 14 + 2*g**2 - 3*g - s*g**3 - 3*g**2. What are the prime factors of y(-7)?
2, 3, 7
Suppose 0 = a + 2*a - 30. Suppose -a*l = -13*l + 507. List the prime factors of l.
13
Let n(b) = -2*b**3 - 2*b**2 + 38*b - 24. Let c be n(7). Let f = -93 - c. What are the prime factors of f?
449
Let q(d) = 155*d + 444. List the prime factors of q(44).
2, 227
Let a = 9065 - -27452. What are the prime factors of a?
13, 53
Suppose 2*n = -506*p + 501*p + 14446, -p + 28910 = 4*n. List the prime factors of n.
2, 13, 139
Let p(a) = 1436*a - 3096. List the prime factors of p(19).
2, 6047
List the prime factors of 4/(-5) + 181020/25.
2, 5, 181
Let m = -567 - -28. List the prime factors of (m/2)/((-16)/32).
7, 11
List the prime factors of (965538/(-189))/((-8)/12).
79, 97
List the prime factors of (-9704 + 0)/((1610/(-126) - -13)*-3).
2, 3, 1213
Let a(b) = b**2 + 7*b - 5. Let z be a(-8). Suppose 24 = u + z*u - w, 0 = 5*u - w - 31. Suppose 4*v = n + 23, u = 4*v - 3*n - 6. What are the prime factors of v?
7
Let c(i) = i**3 + 12*i**2 + i - 20. Let k(v) = -v**3 - 25*v**2 - 135*v + 6. Let s be k(-17). List the prime factors of c(s).
2, 3, 5
Suppose 6*a - 9947 + 223 = 15524. What are the prime factors of a?
2, 263
Suppose -1942411 = -106*v + 6900109. List the prime factors of v.
2, 5, 43, 97
Suppose -35*n + 1882 = -2423. List the prime factors of n.
3, 41
Suppose 5*n = 10*n - 50. Let q be n/(-4)*(-5 - -3). Suppose -62 + 2 = -q*b. What are the prime factors of b?
2, 3
Suppose -3*p = -4*g + 2*p + 659, 0 = g - 4*p - 162. Let a = 2363 - 2358. Suppose 0 = -a*j + 69 + g. What are the prime factors of j?
47
Let g be (-35)/(-4) + 10/8. Suppose 0 = g*f - 14*f + 2544. What are the prime factors of f?
2, 3, 53
Let n be 1 + (-1 - 2 - -2). Let l(i) = i**2 + 4*i - 3. Let c be l(-5). Suppose -2*x - c*y + 174 = -0*y, -2*x + 4*y + 162 = n. List the prime factors of x.
5, 17
Let z = 5 - 4. Suppose -z + 0 = 3*t - o, 2*t + 2*o - 2 = 0. Suppose 5*c - 181 - 169 = t. What are the prime factors of c?
2, 5, 7
Let a(f) = -f**3 + 2*f**2 - 6. Let b be a(-3). Suppose -11*q = -b - 38. List the prime factors of (4 + q)*(-9)/(-3).
3, 11
What are the prime factors of (1185030/36)/9 - 3/6?
3, 23, 53
Let l(j) = j**2 - 17*j + 48. Let m be l(13). List the prime factors of 316/6 + m/(-12).
53
Let p = -28 + 51. Let u = 1005 + -950. Suppose 2*g - u = -z, -g + 21 = -5*z - p. List the prime factors of g.
29
Let r = -187 + 351. Suppose -v - 81 = -n, -4*n + 192 + r = 4*v. List the prime factors of n.
5, 17
Let u be ((120/14)/(-3))/((-32)/336). What are the prime factors of (1/(10/2316))/(12/u)?
3, 193
Suppose -422320 = -15*h + 6920. List the prime factors of h.
2, 7, 73
List the prime factors of -14 + 3392/240 - (-1034332)/60.
17239
Let c = 66 + 182. Let t = 854 + c. List the prime factors of t.
2, 19, 29
Let o(m) = m**3 + 13*m**2 - 149*m + 21. What are the prime factors of o(-20)?
3, 67
Let k(r) = 843*r**3 + 12*r**2 - 6*r - 7. Let f(b) = 842*b**3 + 10*b**2 - 5*b - 6. Let a(h) = 6*f(h) - 5*k(h). List the prime factors of a(1).
2, 11, 19
Suppose 2*r = 4*p - 11380, 3*p - 4844 = 5*r + 3698. Suppose -2*k = 0, i - 11*k = -13*k + p. Suppose 0*h = -12*h + i. What are the prime factors of h?
3, 79
Let b(z) = z**3 - 3*z**2 - 9*z - 65. List the prime factors of b(7).
2, 17
Suppose 0 = -169*p + 171*p - 10127 + 1095. List the prime factors of p.
2, 1129
Suppose -1255*r - 56414 = -1322*r + 288435. List the prime factors of r.
5147
List the prime factors of ((-6270)/(-380))/((-3)/(-3200)).
2, 5, 11
Suppose -6*q - 9 = -39. Suppose -471 = -2*l - 7*p + 2*p, -3*l - q*p = -694. List the prime factors of l.
223
What are the prime factors of (38/76)/((-1)/2) - -53332?
3, 29, 613
What are the prime factors of (1143/(-15))/(2/(-4) + (-2599)/(-5290))?
3, 23, 127
Let i(v) = 2*v**2 + v + 718. Let p be i(0). Suppose 0 = -m - 2*s + p, -4*m + 4*s + 587 = -2297. Suppose -7*d + 13*d - m = 0. List the prime factors of d.
2, 3, 5
Let f(y) = -y**3 + 10*y**2 - 8*y + 10. Let u(s) be the first derivative of -s**4/4 + s**3/3 + s**2/2 + 8*s + 11. Let l be u(0). List the prime factors of f(l).
2, 37
Let u = 38 - 66. Let q = 30 + u. Suppose -q*c + 84 = 2*o, 4*c + 23 + 43 = 2*o. What are the prime factors of o?
3, 13
Suppose 50695 + 31769 = 12*i. List the prime factors of i.
2, 859
Let p = -2957 - -681. Let z = -1308 - p. Suppose -z = -11*y + 3*y. List the prime factors of y.
11
Suppose 0 = -131*b - 181*b - 1134179 + 8702051. What are the prime factors of b?
2, 379
Let v(n) = 14*n**2 + 54*n + 404. What are the prime factors of v(-31)?
2, 1523
Let t = 50 + -50. Suppose -19 = 2*m - 3*c, t = -5*m + 2*c - 5*c + 5. List the prime factors of (m - 1)/((-2)/68).
2, 3, 17
Let w(v) = -v**3 - v**2 + 8*v + 7. Let g be w(-3). Let p be (-156)/(-13) - g*4. What are the prime factors of 228/p*(-8)/(-12)?
19
Let x(c) = 77*c**2 + 204*c + 28. List the prime factors of x(-20).
2, 3, 743
Let g(v) = 6*v**2 - 6*v - 666. What are the prime factors of g(-42)?
2, 3, 5, 113
Let q(v) = 252*v - 1240. List the prime factors of q(26).
2, 83
Suppose 14*o - 2*o - 325308 - 2040 = 0. What are the prime factors of o?
3, 7, 433
Let d = 76 + -41. Suppose 32*x - d*x = -753. What are the prime factors of x?
251
Let u(c) = 4*c**2 - 21*c - 63. Suppose 3*w + 4*m + 49 = 0, 9*m = -2*w + 7*m - 32. List the prime factors of u(w).
2, 3
Let v = -13902 - -22767. What are the prime factors of v?
3, 5, 197
Suppose 9*v = -6*v + 105. List the prime factors of (40*v)/(3 + -2).
2, 5, 7
List the prime factors of 15790 - (12 - 110/11).
2, 3947
Suppose o + 42976 = 1377*k - 1372*k, 4*o = -4*k + 34376. What are the prime factors of k?
3, 5, 191
Let v(k) = -1 + 5*k**2 - 1 - 2*k**2. Suppose 5*u + 33 = 3. List the prime factors of v(u).
2, 53
Let d = -3930 - -5685. Let g = d - 1154. List the prime factors of g.
601
Let o(s) = s + 2. Let l be o(6). Suppose -l*h = -384 - 296. List the prime factors of h.
5, 17
Let y = 54130 - 29232. List the prime factors of y.
2, 59, 211
Suppose 7*n = 11*n - 408. Suppose 61*l - 58*l = n. What are the prime factors of l?
2, 17
Let u(z) = 6*z**2 - 49*z + 242. Let x be u(-42). What are the prime factors of 8/(-20) - x/(-10)?
2, 7, 23
Suppose -2 = -2*s - 2*r, 0 = 3*r + r - 4. Suppose s = -2*y - 3 + 1. What are the prime factors of 2/y*(-11)/2?
11
Let y be (7/7)/((-1)/225) + 3. Let n = y + 86. List the prime factors of (n/(-2))/((-2)/(-20)*5).
2, 17
Let o(s) = 8*s - 23*s + 3*s + 9*s - 35. Let u be o(-15). Suppose u*y - 3*y = 497. List the prime factors of y.
71
Suppose -120*b + 151*b = -7936. Let j = b - -662. What are the prime factors of j?
2, 7, 29
Suppose -401 = -6*m + 5*m. Let u = m - 98. What are the prime factors of u?
3, 101
List the prime factors of ((-1398810)/4)/(-35) - 3/(-2).
3, 3331
Let d = 15135 + -317. What are the prime factors of d?
2, 31, 239
Let w(u) = -94*u**2 + 145*u**2 + 94*u**2 + 2*u - 4 - 7*u. Let x be w(-3). Suppose 15*r = 8*r + x. What are the prime factors of r?
2, 47
Suppose 0*n + o = 3*n - 104743, -3*o = -4*n + 139644. What are the prime factors of n?
3, 103, 113
Let c be (-3 - (-387)/15)*(-12 - 3). What are the prime factors of (-2 - -44)/6 + -5 - c?
2, 43
Let z(s) = -7*s + 14*s + s**2 + 2*s**2 + 30 + 13*s. Let t be z(-12). Suppose 0*d + t = 3*d. List the prime factors of d.
2, 37
Suppose 4*v - 116 = -4*z, -13*v + 8*v + 3*z = -129. Suppose -57 + v = -5*k. Suppose k*g - 3*g - 213 = 0. List the prime factors of g.
71
Let y = 15 + 170. Suppose -1117 = -3*t + y. What are the prime factors of t?
2, 7, 31
Suppose -r + 1 = 0, -z + 809*r = 811*r - 40373. List the prime factors of z.
3, 13457
Let h(r) = -r**3 - 37*r**2 + 3*r + 79. Let c be h(-37). Let v(y) = 5*y**2 + 143*y + 43. List the prime factors of v(c).
587
Let v be (0 + -3 + (-4090)/(-20))*6. Suppose -8*y + v = -8687. List the prime factors of y.
1237
Let s = 7 + -23. Let t be -2*(-4)/s*-4. Suppose t*h = -13 + 53. What are the prime factors of h?
2, 5
Let h = 48 - 52. Let t be ((-10)/h)/((-1)/(-2)). Suppose -10 = -2*f, -m - t*f + 8*f = 0. List the prime factors of m.
3, 5
Suppose 